{"id":299,"date":"2018-08-27T20:53:08","date_gmt":"2018-08-27T18:53:08","guid":{"rendered":"http:\/\/new.kleinwaltersdorf-buergerhaus.de\/?page_id=299"},"modified":"2019-01-07T22:45:42","modified_gmt":"2019-01-07T21:45:42","slug":"hexenfeuer-2010","status":"publish","type":"page","link":"https:\/\/kleinwaltersdorf.de\/index.php\/hexenfeuer\/hexenfeuer-2010\/","title":{"rendered":"Hexenfeuer 2010"},"content":{"rendered":"<p><strong>Hexenfeuer in Kleinwaltersdorf am 30.04.2010<\/strong><\/p>\n<p>Sorgen bereitete zun\u00e4chst die Wettervorhersage, doch schlie\u00dflich war das Gl\u00fcck auf unserer Seite. Die W\u00e4rme der vorhergehenden Tage hielt noch an und so fand das diesj\u00e4hrige Hexenfeuer in Kleinwaltersdorf bei angenehmen Temperaturen statt.<\/p>\n<p><a href=\"http:\/\/new.kleinwaltersdorf-buergerhaus.de\/wp-content\/uploads\/2019\/01\/2010_image_01.jpg\"><img decoding=\"async\" loading=\"lazy\" class=\"aligncenter size-full wp-image-627\" src=\"http:\/\/new.kleinwaltersdorf-buergerhaus.de\/wp-content\/uploads\/2019\/01\/2010_image_01.jpg\" alt=\"\" width=\"450\" height=\"300\" srcset=\"https:\/\/kleinwaltersdorf.de\/wp-content\/uploads\/2019\/01\/2010_image_01.jpg 450w, https:\/\/kleinwaltersdorf.de\/wp-content\/uploads\/2019\/01\/2010_image_01-300x200.jpg 300w\" sizes=\"(max-width: 450px) 100vw, 450px\" \/><\/a><\/p>\n<p>Unsere J\u00fcngsten vom Kindergarten Kleinwalterdorf wurden wieder mit einer Pony-Kutsche zum Sportplatz gebracht, auf dem das m\u00e4chtige Feuer aufgeschichtet worden war.<\/p>\n<p><a href=\"http:\/\/new.kleinwaltersdorf-buergerhaus.de\/wp-content\/uploads\/2019\/01\/2010_image_02.jpg\"><img decoding=\"async\" loading=\"lazy\" class=\"aligncenter size-full wp-image-630\" src=\"http:\/\/new.kleinwaltersdorf-buergerhaus.de\/wp-content\/uploads\/2019\/01\/2010_image_02.jpg\" alt=\"\" width=\"450\" height=\"300\" srcset=\"https:\/\/kleinwaltersdorf.de\/wp-content\/uploads\/2019\/01\/2010_image_02.jpg 450w, https:\/\/kleinwaltersdorf.de\/wp-content\/uploads\/2019\/01\/2010_image_02-300x200.jpg 300w\" sizes=\"(max-width: 450px) 100vw, 450px\" \/><\/a><\/p>\n<p><a href=\"http:\/\/new.kleinwaltersdorf-buergerhaus.de\/wp-content\/uploads\/2019\/01\/2010_image_03.jpg\"><img decoding=\"async\" loading=\"lazy\" class=\"aligncenter size-full wp-image-631\" src=\"http:\/\/new.kleinwaltersdorf-buergerhaus.de\/wp-content\/uploads\/2019\/01\/2010_image_03.jpg\" alt=\"\" width=\"450\" height=\"299\" srcset=\"https:\/\/kleinwaltersdorf.de\/wp-content\/uploads\/2019\/01\/2010_image_03.jpg 450w, https:\/\/kleinwaltersdorf.de\/wp-content\/uploads\/2019\/01\/2010_image_03-300x199.jpg 300w\" sizes=\"(max-width: 450px) 100vw, 450px\" \/><\/a><\/p>\n<p>Erstmalig gab es in diesem Jahr eine Feuershow, welche die gem\u00fctliche Atmosph\u00e4re am Feuer wunderbar erg\u00e4nzte. Impressionen dazu kann man dem Video entnehmen.<\/p>\n<p><a href=\"http:\/\/new.kleinwaltersdorf-buergerhaus.de\/wp-content\/uploads\/2019\/01\/2010_image_04.jpg\"><img decoding=\"async\" loading=\"lazy\" class=\"aligncenter size-full wp-image-632\" src=\"http:\/\/new.kleinwaltersdorf-buergerhaus.de\/wp-content\/uploads\/2019\/01\/2010_image_04.jpg\" alt=\"\" width=\"450\" height=\"299\" srcset=\"https:\/\/kleinwaltersdorf.de\/wp-content\/uploads\/2019\/01\/2010_image_04.jpg 450w, https:\/\/kleinwaltersdorf.de\/wp-content\/uploads\/2019\/01\/2010_image_04-300x199.jpg 300w\" sizes=\"(max-width: 450px) 100vw, 450px\" \/><\/a><\/p>\n<p style=\"text-align: center;\"><a href=\"http:\/\/new.kleinwaltersdorf-buergerhaus.de\/wp-content\/uploads\/2019\/01\/2010_movie_01.avi\" data-wplink-edit=\"true\">Video Feuershow<\/a><\/p>\n<p>Der Heimat- und Kulturverein Kleinwaltersdorf e.V. hatte wieder alle H\u00e4nde voll zu tun, um dem Andrang auf Kinder-Hexenbowle, Bier, Wein, Fischbr\u00f6tchen und Bratwurst gerecht zu werden. Die Kameraden der Freiwilligen Feuerwehr Kleinwalterdorf sicherten in bew\u00e4hrter Weise die brandschutztechnische Seite ab.<\/p>\n<p>Wir danken allen freiwilligen und flei\u00dfigen Helfern, die uns beim Aufbau und Abbau unterst\u00fctzt haben.<\/p>\n<p>Wir freuen uns schon auf das n\u00e4chste Hexenfeuer am 30.04.2011!<\/p>\n<p>Heimat- und Kulturverein Kleinwaltersdorf e.V.<\/p>\n","protected":false},"excerpt":{"rendered":"<p>Hexenfeuer in Kleinwaltersdorf am 30.04.2010 Sorgen bereitete zun\u00e4chst die Wettervorhersage, doch schlie\u00dflich war das Gl\u00fcck auf unserer Seite. Die W\u00e4rme&hellip;<\/p>\n","protected":false},"author":1,"featured_media":0,"parent":21,"menu_order":0,"comment_status":"closed","ping_status":"closed","template":"","meta":{"footnotes":""},"_links":{"self":[{"href":"https:\/\/kleinwaltersdorf.de\/index.php\/wp-json\/wp\/v2\/pages\/299"}],"collection":[{"href":"https:\/\/kleinwaltersdorf.de\/index.php\/wp-json\/wp\/v2\/pages"}],"about":[{"href":"https:\/\/kleinwaltersdorf.de\/index.php\/wp-json\/wp\/v2\/types\/page"}],"author":[{"embeddable":true,"href":"https:\/\/kleinwaltersdorf.de\/index.php\/wp-json\/wp\/v2\/users\/1"}],"replies":[{"embeddable":true,"href":"https:\/\/kleinwaltersdorf.de\/index.php\/wp-json\/wp\/v2\/comments?post=299"}],"version-history":[{"count":9,"href":"https:\/\/kleinwaltersdorf.de\/index.php\/wp-json\/wp\/v2\/pages\/299\/revisions"}],"predecessor-version":[{"id":749,"href":"https:\/\/kleinwaltersdorf.de\/index.php\/wp-json\/wp\/v2\/pages\/299\/revisions\/749"}],"up":[{"embeddable":true,"href":"https:\/\/kleinwaltersdorf.de\/index.php\/wp-json\/wp\/v2\/pages\/21"}],"wp:attachment":[{"href":"https:\/\/kleinwaltersdorf.de\/index.php\/wp-json\/wp\/v2\/media?parent=299"}],"curies":[{"name":"wp","href":"https:\/\/api.w.org\/{rel}","templated":true}]}}